factor of 39400?
True
Does 13 divide 7176?
True
Does 17 divide 20008?
False
Does 46 divide 46?
True
Is 28 a factor of 8232?
True
Is 8 a factor of 365?
False
Is 92 a factor of 25917?
False
Is 1236 a multiple of 3?
True
Does 18 divide 493?
False
Is 320 a multiple of 10?
True
Does 42 divide 12316?
False
Is 34660 a multiple of 50?
False
Is 5880 a multiple of 24?
True
Is 74 a factor of 27972?
True
Does 13 divide 5480?
False
Does 20 divide 15115?
False
Does 6 divide 8109?
False
Does 50 divide 3050?
True
Does 4 divide 368?
True
Is 19871 a multiple of 9?
False
Is 5180 a multiple of 20?
True
Does 56 divide 6510?
False
Is 3 a factor of 206?
False
Is 442 a multiple of 12?
False
Is 13 a factor of 2385?
False
Is 38 a factor of 1026?
True
Is 9 a factor of 97015?
False
Is 1380 a multiple of 23?
True
Is 26 a factor of 910?
True
Does 35 divide 1785?
True
Does 24 divide 96?
True
Does 36 divide 509?
False
Does 22 divide 344?
False
Does 17 divide 53193?
True
Is 2766 a multiple of 10?
False
Does 18 divide 85904?
False
Does 214 divide 32314?
True
Does 8 divide 26520?
True
Is 2406 a multiple of 6?
True
Is 67 a factor of 5025?
True
Does 57 divide 2344?
False
Does 41 divide 14104?
True
Does 18 divide 2052?
True
Is 60 a factor of 15588?
False
Does 24 divide 51480?
True
Does 45 divide 7536?
False
Does 67 divide 1474?
True
Is 8 a factor of 808?
True
Is 74 a factor of 2960?
True
Is 456 a multiple of 12?
True
Is 174 a factor of 3076?
False
Is 165 a factor of 17603?
False
Is 25416 a multiple of 24?
True
Does 271 divide 31707?
True
Is 6 a factor of 612?
True
Is 4 a factor of 1304?
True
Is 10 a factor of 620?
True
Is 15 a factor of 688?
False
Does 185 divide 9805?
True
Does 44 divide 2411?
False
Is 35 a factor of 388?
False
Does 12 divide 355?
False
Does 3 divide 144?
True
Is 40 a factor of 600?
True
Is 11875 a multiple of 28?
False
Does 75 divide 15057?
False
Does 36 divide 9602?
False
Is 15 a factor of 268?
False
Is 7 a factor of 2016?
True
Is 11895 a multiple of 15?
True
Does 27 divide 12906?
True
Does 13 divide 2809?
False
Is 75 a factor of 12104?
False
Is 805 a multiple of 7?
True
Is 240 a multiple of 10?
True
Does 24 divide 22440?
True
Is 3103 a multiple of 15?
False
Is 11 a factor of 3608?
True
Is 4 a factor of 5033?
False
Is 15036 a multiple of 179?
True
Is 17 a factor of 31297?
True
Is 33 a factor of 283?
False
Is 23 a factor of 14145?
True
Does 21 divide 1384?
False
Is 78339 a multiple of 10?
False
Does 104 divide 5933?
False
Is 2262 a multiple of 25?
False
Is 839 a multiple of 4?
False
Does 3 divide 3?
True
Does 145 divide 24650?
True
Does 28 divide 50680?
True
Is 6 a factor of 684?
True
Is 977 a multiple of 14?
False
Is 2 a factor of 270?
True
Is 524 a multiple of 80?
False
Is 136 a factor of 46498?
False
Is 5 a factor of 3620?
True
Does 111 divide 16872?
True
Is 1890 a multiple of 15?
True
Does 11 divide 1683?
True
Is 37 a factor of 6105?
True
Is 11 a factor of 55079?
False
Is 59 a factor of 107911?
True
Is 23 a factor of 8450?
False
Is 84 a factor of 124320?
True
Is 10584 a multiple of 63?
True
Is 202 a factor of 9303?
False
Does 59 divide 12921?
True
Does 99 divide 1402?
False
Is 19 a factor of 528?
False
Does 85 divide 823?
False
Does 5 divide 273?
False
Does 9 divide 72?
True
Is 1632 a multiple of 34?
True
Does 315 divide 74340?
True
Does 15 divide 86?
False
Is 48 a factor of 432?
True
Does 6 divide 21222?
True
Is 16 a factor of 1088?
True
Does 4 divide 449?
False
Is 5 a factor of 265?
True
Does 11 divide 895?
False
Is 8101 a multiple of 10?
False
Is 5290 a multiple of 38?
False
Is 24 a factor of 4944?
True
Does 78 divide 1482?
True
Does 156 divide 10764?
True
Is 70 a factor of 1753?
False
Is 865 a multiple of 20?
False
Does 5 divide 211?
False
Is 2 a factor of 12?
True
Is 29 a multiple of 3?
False
Is 225 a multiple of 12?
False
Does 12 divide 1165?
False
Is 51 a factor of 867?
True
Does 3 divide 48?
True
Is 32 a factor of 3104?
True
Is 68 a factor of 680?
True
Does 32 divide 4416?
True
Is 3 a factor of 123?
True
Does 32 divide 9408?
True
Is 5 a factor of 250?
True
Is 646 a multiple of 34?
True
Is 35 a factor of 47880?
True
Is 34 a factor of 1360?
True
Is 1505 a multiple of 56?
False
Is 16925 a multiple of 28?
False
Is 13 a factor of 49576?
False
Is 840 a multiple of 30?
True
Is 6274 a multiple of 19?
False
Is 113 a factor of 5989?
True
Is 72 a factor of 6294?
False
Is 39 a factor of 39?
True
Is 38 a factor of 6536?
True
Is 388 a multiple of 4?
True
Is 66 a factor of 1452?
True
Does 26 divide 8814?
True
Is 50 a factor of 195?
False
Is 336 a multiple of 42?
True
Is 45 a factor of 4635?
True
Does 6 divide 204?
True
Is 1859 a multiple of 11?
True
Does 35 divide 32452?
False
Is 1521 a multiple of 3?
True
Is 13 a factor of 1473?
False
Is 25 a factor of 807?
False
Is 1085 a multiple of 217?
True
Does 7 divide 829?
False
Is 79 a factor of 121107?
True
Is 1352 a multiple of 13?
True
Does 17 divide 13286?
False
Does 5 divide 254?
False
Is 2321 a multiple of 8?
False
Is 6 a factor of 2175?
False
Is 13984 a multiple of 8?
True
Is 299 a multiple of 8?
False
Is 20574 a multiple of 18?
True
Is 18 a factor of 1025?
False
Is 641 a multiple of 37?
False
Is 1971 a multiple of 40?
False
Does 2 divide 3049?
False
Is 822 a multiple of 36?
False
Is 4352 a multiple of 64?
True
Does 29 divide 6532?
False
Is 9 a factor of 10015?
False
Is 1737 a multiple of 9?
True
Does 43 divide 172?
True
Is 7 a factor of 1484?
True
Does 60 divide 54386?
False
Is 8290 a multiple of 29?
False
Does 9 divide 2015?
False
Is 19 a factor of 10868?
True
Is 22 a factor of 2812?
False
Is 618 a multiple of 7?
False
Is 18 a factor of 8859?
False
Does 9 divide 567?
True
Is 33 a factor of 821?
False
Is 15 a factor of 12135?
True
Is 717 a multiple of 3?
True
Is 22 even?
True
Is 38 a factor of 164165?
False
Does 86 divide 22704?
True
Does 7 divide 11578?
True
Does 17 divide 1003?
True
Is 27 a factor of 1377?
True
Is 12 a factor of 408?
True
Does 39 divide 2535?
True
Is 37 a factor of 20217?
False
Is 38 a factor of 3409?
False
Is 19 a factor of 817?
True
Does 5 divide 92?
False
Does 115 divide 11270?
True
Is 11 a factor of 594?
True
Does 18 divide 17352?
True
Is 819 a multiple of 4?
False
Is 7 a factor of 620?
False
Is 275 a multiple of 11?
True
Is 26159 a multiple of 112?
False
Is 42 a factor of 10416?
True
Does 358 divide 11814?
True
Is 6 a factor of 12479?
False
Is 105 a multiple of 7?
True
Is 15 a factor of 31159?
False
Does 6 divide 5182?
False
Is 15488 a multiple of 88?
True
Is 282 a multiple of 17?
False
Is 15771 a multiple of 65?
False
Does 39 divide 37188?
False
Does 18 divide 9789?
False
Does 137 divide 100935?
False
Is 160 a factor of 8844?
False
Is 3322 a multiple of 22?
True
Does 35 divide 28155?
False
Is 329 a multiple of 47?
True
Does 33 divide 1023?
True
Is 6 a factor of 195?
False
Is 10 a factor of 40?
True
Is 72 a factor of 33120?
True
Is 111 a factor of 124542?
True
Is 1701 a multiple of 9?
True
Is 5 a factor of 3515?
True
Does 26 divide 1003?
False
Is 18818 a multiple of 9?
False
Is 12 a factor of 216?
True
Is 223 a multiple of 24?
False
Is 30 a factor of 7044?
False
Is 749 a multiple of 31?
False
Is 17 a factor of 615?
False
Is 11 a factor of 15977?
False
Is 7 a factor of 107?
False
Is 225 a multiple of 22?
False
Is 45 a factor of 12439?
False
Is 6 a factor of 5365?
False
Is 350 a multiple of 25?
True
Is 113 a factor of 3729?
True
Does 2 divide 3163?
False
Does 4 divide 8?
True
Does 5 divide 812?
False
Is 31 a factor of 8637?
False
Is 14070 a multiple of 210?
True
Does 21 divide 3165?
False
Does 35 divide 1430?
False
Is 713 a multiple of 95?
False
Does 16 divide 2505?
False
Is 49 a factor of 196?
True
Does 13 divide 5707?
True
Is 2292 a multiple of 34?
False
Is 88 a factor of 8340?
False
Is 30374 a multiple of 26?
False
Is 5 a factor of 570?
True
Does 12 divide 48?
True
Is 3409 a multiple of 122?
False
Is 1588 a multiple of 40?
False
Is 5025 a multiple of 5?
True
Is 2241 a multiple of 26?
False
Does 350 divide 126080?
False
Is 43707 a multiple of 294?
False
Is 15 a factor of 660?
True
Does 13 divide 910?
True
Does 33 divide 1025?
False
Is 5004 a multiple of 26?
False
Is 15 a factor of 7950?
True
Does 18 divide 182?
False
Is 1539 a multiple of 81?
True
Is 61 a factor of 110654?
True
Is 616 a